(-3). Suppose 2*j - s*t - 4 = t, -2*j + 4 = 3*t. Let w(v) = 2 + 3*v**2 + j - v**3 - 2 + 4*v. Calculate w(4).
2
Suppose -9*c - 24 = -13*c. Let k(w) = -2 + 0*w**2 + c*w**2 - 7*w**2 + 6*w. Let d be 6/(0/(-2) + 1). What is k(d)?
-2
Let n(o) = 7*o - 1 - 4*o**2 + 3 + o**3 - 3*o**2 - 6. Suppose -2*u - 16 = -28. What is n(u)?
2
Suppose -3 - 2 = -5*v. Let f(h) = h - 1. Suppose -x - 3 = 2*x. Let b(u) = 6*u - 10. Let y(l) = x*b(l) + 10*f(l). Calculate y(v).
4
Let d(s) = -2*s**2 + 41*s + 19. Let j be d(21). Let h(a) = -10*a - 3. Calculate h(j).
17
Suppose -5*a + 4*x = -a - 20, 5*a - 2*x = 22. Suppose 7*v - 4*u + 12 = 4*v, -a*u = -4*v - 12. Let w = v + 3. Let i(q) = -q**3 + 2*q**2 + 4. What is i(w)?
-5
Let l(o) = -o - 7. Let t(k) = -k**2 - 2*k - 3. Let j be t(-2). Give l(j).
-4
Let r(l) = -l**2 + l + 3. Let h(u) = -u**3 + u**2 - u. Suppose -f = 5*x + 5, 4*f + 3*x = -0*f - 3. Let j be h(f). What is r(j)?
3
Suppose 4*x = a + 2, 0*a = 5*a - 2*x - 44. Suppose 3*l + a = -2*m - 0*l, 4 = -5*m + 3*l. Let t(f) = -f**2 - 3*f - 1. Give t(m).
1
Let o(j) = -29 + j**2 + 45 - 25 + j. Calculate o(0).
-9
Suppose 5*t = -5*x + 40, -2*x = x + 2*t - 19. Suppose 0 = -2*o + x + 11. Let y(q) = -4*q + 5*q + o + 0*q - 4. Calculate y(3).
6
Let r(t) = t**2 - t - 1. Let z be 10/4 + 1/(-2). Let w be (-4)/z + (-2 - -3). What is r(w)?
1
Let g(d) be the third derivative of -d**5/60 - d**4/12 - d**3/3 + 3*d**2. Let q = -1 + -1. Give g(q).
-2
Let m(r) = 3*r**3 + 9*r - 10*r**2 - 4*r**3 + 15*r**2 - 13*r. Calculate m(4).
0
Let p(l) be the third derivative of -l**5/60 - l**4/12 + 2*l**2. Let n(d) = -d**3 - 1. Let b be n(0). Let a = 3 + b. Give p(a).
-8
Suppose 2*c = 2 + 2. Let z(x) = -3*x + 6 + x**c + 0 - 2 - 9. Suppose 4*r - 4 = 0, 5*r - 3*r + 18 = 5*u. Determine z(u).
-1
Let w(v) = 2*v**2 - 1. Let l(s) = -2*s**2 + 1. Let b(z) = -4*l(z) - 5*w(z). Suppose -h - 2 = 3*m - 2*m, -2*m + 2*h + 12 = 0. Determine b(m).
-7
Suppose i = 4*i - 3. Suppose -2*q = 3*o - 5*q - 18, 0 = o + q. Let s(b) = 4*b**2 + 2*b + 4. Let n(m) = m**2 + m + 1. Let x(f) = o*n(f) - s(f). Give x(i).
-1
Let m(s) = s - 3. Let v be m(5). Suppose -n + 3 = v. Let u(y) be the third derivative of y**4/6 - y**3/6 + y**2. Determine u(n).
3
Let d(s) be the third derivative of 1/6*s**3 - 1/15*s**5 + 0*s - 3*s**2 + 0*s**4 + 0. What is d(1)?
-3
Let m(v) be the first derivative of -v**5/30 + 5*v**4/24 - 2*v**3/3 - 3*v**2/2 + 1. Let z(p) be the second derivative of m(p). Determine z(3).
-7
Let c(v) = v**2 - 3. Let o(h) = h**2 - 1. Let n be 5/4 + 10/(-40). Let s(t) = n*c(t) - 2*o(t). Let r = 2 + 0. Give s(r).
-5
Let m(n) = n**2 + 4*n - 8. Let o be (-6)/(-8) - (-126)/24. Suppose -o*v - 18 = -3*v. Determine m(v).
4
Let z(c) = 7*c + 0*c**2 + c**2 - 16*c - 2 + 7*c. Give z(3).
1
Let s be ((-10)/4)/((-1)/2). Let u(w) be the first derivative of w**3/3 - 2*w**2 + 3*w + 7. What is u(s)?
8
Let y(i) = -4*i**2 + 319*i**3 + 3*i**2 - 313*i**3. Determine y(1).
5
Suppose 69 = -10*r + 9. Let q(f) = -f - 6. What is q(r)?
0
Suppose 3*o + 2 - 17 = 0. Let l(s) = s**2 - 4*s - 1. What is l(o)?
4
Let x(y) be the third derivative of 0*y**3 - 1/24*y**4 + 0*y + 0 + 1/360*y**6 - 1/40*y**5 - y**2. Let h(l) be the second derivative of x(l). What is h(2)?
1
Let v = -24 + 28. Let z(p) = -2*p + 3. Give z(v).
-5
Let l(w) = -2*w**2 + 19*w - 9*w + 3*w**2 + 0*w + 1. Determine l(-10).
1
Let q(d) = 2*d + 3. Let h be q(-2). Let n(y) = -y**2 + y + 1. Let c(l) = 4*l**2 - 2 - 1 + l**2 - 4*l. Let j(i) = -c(i) - 4*n(i). Give j(h).
-2
Let r = -10 - -18. Let q(t) = 0 + t**2 - r*t + 2*t + 1. Let i be q(6). Let k(s) = 7*s**3 - 2*s**2 + s. Determine k(i).
6
Suppose -3*b + 0 + 2 = 4*g, -3*g = -3*b + 9. Let i = -4 + b. Let y(s) be the second derivative of -s**3/3 - s**2/2 + s. What is y(i)?
3
Let a(n) be the second derivative of 3*n + 1/20*n**5 + 2/3*n**3 + 5/2*n**2 + 0 - 1/2*n**4. Calculate a(4).
-11
Let b(v) = v**2 - 6*v + 4. Suppose -5*o + 18 = -2*o. Let w be b(o). Let l(f) = -f**3 + 4*f**2 - 2*f - 3. Give l(w).
-11
Let m(i) be the third derivative of 1/2*i**3 - 2*i**2 + 0*i - 1/24*i**4 + 0. Calculate m(-6).
9
Let o(y) = y**2 - y. Let b(i) = -7*i - 2. Let f be b(-1). Let q(w) = 6*w**2 + 3. Let r(h) = f*o(h) - q(h). Give r(-4).
1
Let u(n) = -n**3 - 3*n**2 - 8*n + 1 + 9*n + n. Calculate u(-3).
-5
Suppose -4*b - 3*p - 30 = -4, 3*b + 9 = 3*p. Let w(s) = 8*s**2 + 3*s - 6. Let k(m) = 7*m**2 + 2*m - 5. Let c(v) = b*w(v) + 6*k(v). Determine c(2).
2
Let v(a) = 2*a - 5. Let g(y) = -1 - 2*y - 1 - 2*y + 3*y. Let f be g(-6). Determine v(f).
3
Let p(k) be the third derivative of -k**6/720 + 13*k**5/120 - k**4/12 + 4*k**2. Let d(c) be the second derivative of p(c). Give d(7).
6
Let x(j) = -4*j + 7. Let k be x(5). Let s be (-3)/(-6)*(-1 - k). Let d(l) = -l**3 + 6*l**2 + 7. Give d(s).
7
Let b(a) = 9*a - 2. Let o(d) = -5*d + 1. Let l(x) = -3*b(x) - 5*o(x). Suppose 0 = 2*c - 0*c + q + 3, -5*c - 4*q = 3. What is l(c)?
7
Let w(y) be the third derivative of -y**6/120 - 2*y**5/15 - y**4/3 - y**3/2 - 2*y**2 - 34*y. What is w(-7)?
4
Let x = 2 + -3. Let n(c) be the first derivative of c**4/24 + c**3/6 - 2*c**2 - 1. Let r(z) be the second derivative of n(z). Give r(x).
0
Let m(l) be the second derivative of -l**5/20 - l**4/4 + l**3 - 5*l**2/2 - 10*l. What is m(-5)?
15
Let p(i) = 2*i + 4. Suppose -5*g + 25 = -0*g. What is p(g)?
14
Let j(z) = z - 4. Let o be j(6). Let c(v) = -2 - o + v + 3. Let m(u) = -u**2 + 6*u - 3. Let b(l) = -6*c(l) + m(l). Determine b(0).
3
Let h(f) = 5*f. Let b be h(-1). Let m(c) = 6*c**2 + c - 3. Let s(i) = i**2 - i - 1. Let n(p) = b*s(p) + m(p). Give n(-5).
-3
Let o(x) = x**2 - x - 4. Let q be o(3). Let b(m) be the second derivative of -1/4*m**4 + m**2 + 1/3*m**3 + 0 - 3*m. Calculate b(q).
-6
Let x(c) be the third derivative of 7/6*c**3 + 3*c**2 - 1/120*c**6 + 0*c**4 + 0 + 0*c**5 + 0*c. Suppose -v = -0*v. What is x(v)?
7
Let z(w) = -w + 2. Suppose 0*j + 3*j - 9 = 0. Suppose 6 = p - j*p, 0 = y - 2*p - 4. Calculate z(y).
4
Let r(f) = f. Let q be r(8). Let i be (-100)/(-16) - 2/q. Suppose -i + 0 = 2*t. Let x(m) = m**2 + 4*m + 3. Give x(t).
0
Let o(y) = -10*y**3 - 2*y**2 - 5. Let z(r) = -r**3 + 1. Let p(f) = o(f) + 6*z(f). What is p(1)?
-17
Let o be -1 - 52 - (-1 + -1). Let s be 2/3 - o/(-9). Let b(f) = -5 + 8 - 5*f**2 - 6*f + 4*f**2. Give b(s).
8
Let j = 2 - 6. Let i(u) = -u**3 - u + 1. Let v(b) = -5*b**3 - 5*b**2 - 5*b + 8. Let x(s) = j*i(s) + v(s). Calculate x(-4).
-8
Let g = -7 - -5. Let y(i) be the second derivative of -i**3/2 - i**2 - 2*i. Determine y(g).
4
Let y(q) = q - 29. Let m be y(23). Let o(j) = j**2 + 6*j - 6. Calculate o(m).
-6
Let h be 9/15 + 3/(-5). Let v(t) = -t**3 - 6*t**2 - 5*t + 2. Let o be v(-5). Let w(j) = j**3 + 0*j**3 + 0*j**2 + 0*j**2 - j**o + j. Give w(h).
0
Let w = 1069/12 - 89. Let h(m) be the second derivative of 1/6*m**3 - w*m**4 + 1/2*m**2 + 3*m + 0. Calculate h(1).
1
Suppose -8 = -6*y + 4*y. Let x be (-6)/y*(-156)/18. Let b(r) = -13 + x + 2*r. What is b(-1)?
-2
Let s(n) = -n**3 + 3*n**2 + 4*n - 6. Let v(i) = i. Let q(p) = -s(p) - 2*v(p). Give q(4).
-2
Let z(g) = 1. Let b(o) = -3*o + 1. Let x(s) = b(s) + 4*z(s). Determine x(6).
-13
Let w(h) = h**2 + 7*h + 2. Let g(v) = 1 - 1 - 1 + v. Let j(m) = 2*g(m) - w(m). Let u be (-7 - 3)/(6/3). Calculate j(u).
-4
Let k(w) = -w - 1 + w**3 + 1 + 4*w**2. Let r be k(-4). Let j(y) be the first derivative of y**3/3 - 5*y**2/2 + 2*y + 3. Give j(r).
-2
Let b(p) be the first derivative of -p**2 - 6*p + 0*p + 3 + 3*p. Give b(-4).
5
Let n(z) = z**2 + 9*z + 8. Let l be n(-8). Suppose l = -p - 3*v + 6, 4*p - 2*p = 5*v - 32. Let j(d) = -d**2 - 7*d + 1. Determine j(p).
7
Suppose -3*n = -2*n - 1. Let i be (-2)/(-6)*3 - n. Let g(p) be the second derivative of -p**3/6 - 3*p**2/2 + p. Give g(i).
-3
Let l(t) be the second derivative of t**3/6 - 3*t**2 - 9*t. Calculate l(6).
0
Let u(v) = v**2 + 4*v - 4. Let w(o) = o**2 + 3*o. Let n be w(-4). Suppose -n*m = 3*r + 32, -5*r + 2*m - 5 = -m. Determine u(r).
-4
Let u(r) = -5 + 1 - 3*r**3 - 3*r + 5*r**2 - 6*r**2. Let k(q) = 4*q**3 + q**2 + 4*q + 4. Let l = 0 + -3. Let f(y) = l*u(y) - 2*k(y). Calculate f(0).
4
Suppose -2*t + 4*z - 4 = 0, 6*t - t - 50 = -5*z. Let n(q) = -q**3 + 5*q**2 + 6*q - 5. Calculate n(t).
-5
Let d(a) be the third derivative of a**4/12 + 2*a**3/3 - 2*a**2. Suppose -2*h = 3*y + 21, 2